
In base 9, what is -107608 + 1130?
-106468
In base 15, what is -22434a - -5?
-224345
In base 14, what is -5c1934 + -18?
-5c194c
In base 2, what is -100010111101 - -1000011110?
-11010011111
In base 9, what is 84176273 + 2?
84176275
In base 11, what is 44244 - -19a0?
46134
In base 6, what is 3402 + -151245?
-143443
In base 12, what is 1a751 + 182?
1a913
In base 11, what is -3 - -1154701?
11546a9
In base 11, what is -8 + -587279?
-587286
In base 4, what is -13002121333 - 131?
-13002122130
In base 16, what is 4 - -340a3ad?
340a3b1
In base 15, what is -2524a6 + -2?
-2524a8
In base 3, what is -212021100212120 - 12?
-212021100212202
In base 6, what is 2103 - 301531?
-255424
In base 3, what is 2 + -2101101202011022?
-2101101202011020
In base 12, what is 8b811b2 + 14?
8b81206
In base 9, what is 33841 - 2225?
31615
In base 16, what is -ff78e + 143?
-ff64b
In base 11, what is 111248508 - 3?
111248505
In base 10, what is -519539 - 48?
-519587
In base 4, what is -211323031 - -20?
-211323011
In base 12, what is -49 - -29547?
294ba
In base 9, what is -156 + 2107861?
2107704
In base 8, what is -212567600 - -34?
-212567544
In base 3, what is -101220 + -110221020112?
-110221122102
In base 2, what is -11 - -100010101000101100110110?
100010101000101100110011
In base 6, what is -2055 - -144402?
142303
In base 4, what is 10013212110 - -121?
10013212231
In base 16, what is 5bf - 16ec5?
-16906
In base 14, what is -2 - -14d9198d?
14d9198b
In base 6, what is 241225231 - -54?
241225325
In base 11, what is -438a624a - 1?
-438a6250
In base 15, what is -51b9 - -279?
-4e40
In base 7, what is 6613264 + 363?
6613660
In base 7, what is 6006 - -515?
6524
In base 12, what is -b64 + 1a95?
b31
In base 15, what is -2211e7 - 164?
-22135b
In base 9, what is 18 + 8672438?
8672457
In base 16, what is -55 - 256354?
-2563a9
In base 13, what is -1 + -13959c8?
-13959c9
In base 14, what is -164980a - -2?
-1649808
In base 4, what is -10011323 - 21200?
-10033123
In base 2, what is -1101101000001001011 - -11111?
-1101101000000101100
In base 12, what is 4b3 - -84b5?
89a8
In base 16, what is -2 - f177fa?
-f177fc
In base 5, what is -304424 + 3140?
-301234
In base 4, what is 220211130131 - 0?
220211130131
In base 14, what is 20a46aa - -3?
20a46ad
In base 9, what is -1124 + 82512?
81377
In base 7, what is 0 + 35220136?
35220136
In base 2, what is -110010001 + -101101101011111011001?
-101101101100101101010
In base 15, what is 694733 + -9?
694729
In base 7, what is 5012 + -455360?
-450345
In base 4, what is 313232111313 + -3?
313232111310
In base 9, what is -7 - -2611870?
2611862
In base 8, what is 62405 + -13531?
46654
In base 7, what is -225451243 + 2?
-225451241
In base 16, what is 4f148f + 1b?
4f14aa
In base 10, what is -751722 + 219?
-751503
In base 2, what is -10011000100010 + 10111001?
-10010101101001
In base 7, what is 0 - 42322103?
-42322103
In base 4, what is -22222022 - 31?
-22222113
In base 14, what is 1acb3 + -89?
1ac28
In base 8, what is 242660155 - -2?
242660157
In base 10, what is 16 + 7281467?
7281483
In base 8, what is -2 + -3434016?
-3434020
In base 12, what is -321b23 - -10?
-321b13
In base 12, what is 4b17a162 - -5?
4b17a167
In base 11, what is 3 + 8a6113?
8a6116
In base 12, what is -a - 116ba3a?
-116ba48
In base 7, what is 103160 - -1646?
105136
In base 2, what is 1001010101010001 + -1110101011?
1001000110100110
In base 15, what is e - -cbb970?
cbb97e
In base 8, what is 24402 + 163?
24565
In base 7, what is -141536122 + 1?
-141536121
In base 11, what is 772 + -20842?
-20080
In base 14, what is -6d88 + 12a73?
9ac9
In base 4, what is -200 + 102300320202?
102300320002
In base 16, what is 2012e7f - -2?
2012e81
In base 9, what is -158 + -856343?
-856512
In base 16, what is -8b5a - 7d4?
-932e
In base 7, what is 41040033601 + 1?
41040033602
In base 13, what is 16a + -4ba548?
-4ba3ab
In base 6, what is -4435200 + -4444?
-4444044
In base 16, what is 617c + -2a4?
5ed8
In base 11, what is 218240 + 1a?
21825a
In base 16, what is -aff92b - -2?
-aff929
In base 7, what is 3 + 524214552?
524214555
In base 3, what is 10 - 111110200222120?
-111110200222110
In base 4, what is -1 + 321221221020?
321221221013
In base 12, what is -1022 - 16749a?
-168500
In base 10, what is 222 + -26341?
-26119
In base 6, what is -1 - -1223340512?
1223340511
In base 7, what is -1030066 + 115?
-1026651
In base 4, what is -2 + -130331113322?
-130331113330
In base 10, what is -34756 - -50?
-34706
In base 12, what is 18793472 + 8?
1879347a
In base 12, what is -5 + -8561801?
-8561806
In base 8, what is -2207 + 10326?
6117
In base 5, what is 40411 + 232?
41143
In base 8, what is 5565451674 + 5?
5565451701
In base 10, what is -1275 + -2501?
-3776
In base 8, what is -33052436 + 10?
-33052426
In base 8, what is -2332 - -137153?
134621
In base 10, what is -50907778 + -5?
-50907783
In base 13, what is 58 - c12b?
-c0a3
In base 15, what is -61305c + -e?
-61306b
In base 3, what is -1211110 - 12020?
-2000200
In base 15, what is -1a - 6a6823?
-6a683d
In base 8, what is 4503 - -2445?
7150
In base 2, what is -111 + -10011010010110110111000110?
-10011010010110110111001101
In base 16, what is -49ff4 - -37?
-49fbd
In base 13, what is -1 - -113865c?
113865b
In base 11, what is 1 - 16a2086?
-16a2085
In base 2, what is 10110110101100 + -111100010?
10101111001010
In base 4, what is 2 - 2001112003003?
-2001112003001
In base 4, what is 2010 - -112032303?
112100313
In base 12, what is -140b31a28 + 5?
-140b31a23
In base 6, what is -1045 + 2044244?
2043155
In base 15, what is -44 - 39863?
-398a7
In base 4, what is 32111 - -1021311?
1120022
In base 16, what is a9 - -4f3?
59c
In base 5, what is 320240 - 2304?
312431
In base 3, what is -200202 + -21201112?
-22102021
In base 7, what is 1255 + 41243?
42531
In base 16, what is 46876 + -3eb?
4648b
In base 11, what is 6a0221 - 51?
6a0180
In base 2, what is 1001010001100011110 - -101000010011?
1001010110100110001
In base 13, what is -4 - 15a5085?
-15a5089
In base 13, what is 2 + -8755c0a?
-8755c08
In base 15, what is -17e3 + -35e?
-1b52
In base 15, what is -7344292 - 4?
-7344296
In base 7, what is -4400 - 631550?
-636250
In base 14, what is -701a - 1222?
-823c
In base 14, what is -ddc42 + -5?
-ddc47
In base 10, what is -3 - 5293775?
-5293778
In base 3, what is -22 - -1020200100102?
1020200100010
In base 3, what is -22100010 + -112221?
-22220001
In base 9, what is 25208 + -7381?
16717
In base 10, what is 471735 + 11?
471746
In base 7, what is 11560 - -3354?
15244
In base 14, what is 0 - 1012cca?
-1012cca
In base 2, what is -101 + -1000001110111101011010011?
-1000001110111101011011000
In base 16, what is -2628 - 1a89?
-40b1
In base 4, what is -10030033 - 3122?
-10033221
In base 4, what is 1 + 12100312021022?
12100312021023
In base 2, what is -100011011101111100110 - 11000?
-100011011101111111110
In base 6, what is -3 + 1541330542?
1541330535
In base 13, what is 9 + 26732?
2673b
In base 8, what is -130631217 - 25?
-130631244
In base 6, what is -324035 + 10240?
-313355
In base 9, what is -1 + 13324783?
13324782
In base 10, what is -12 - -246978?
246966
In base 3, what is 2 - -122210022000121?
122210022000200
In base 3, what is 201212 - -10210212012?
10211121001
In base 11, what is 3a6 - 9a725?
-9a32a
In base 14, what is a379 - -2973?
cd0c
In base 3, what is 10 + 1220000210000210?
1220000210000220
In base 2, what is 1000 + -10101010011111001101010?
-10101010011111001100010
In base 16, what is 5da81afb - -3?
5da81afe
In base 8, what is 403457 - -2147?
405626
In base 3, what is 112 + 202012201222?
202012202111
In base 4, what is -131133302210 + 2?
-131133302202
In base 4, what is -1 + -231023100202?
-231023100203
In base 15, what is -9a4ad3 - 0?
-9a4ad3
In base 5, what is -4 - -423304232?
423304223
In base 3, what is -11 - -1022111020010?
1022111012222
In base 3, what is -122010202 + 110210210?
-11022222
In base 12, what is 1b7274 + -176?
1b70ba
In base 9, what is 0 + -25762144?
-25762144
In base 12, what is -3 + -1a1340b3?
-1a1340b6
In base 2, what is -111100011010001 - -11110011?
-111011111011110
In base 8, what is 1241 - -100662?
102123
In base 13, what is -644 - -1c55c8?
1c4c84
In base 15, what is 1b69ac - 4?
1b69a8
In base 16, what is 30ed3 - 11c?
30db7
In base 16, what is -47 + -14cc3f?
-14cc86
In bas